{"id":63,"date":"2023-03-25T00:53:48","date_gmt":"2023-03-25T00:53:48","guid":{"rendered":"https:\/\/www.firstimageusa.com\/demos\/2023\/enterate-seguros\/?page_id=63"},"modified":"2023-03-25T02:24:42","modified_gmt":"2023-03-25T02:24:42","slug":"seguro-contra-tormentas","status":"publish","type":"page","link":"https:\/\/www.firstimageusa.com\/demos\/2023\/enterate-seguros\/seguro-contra-tormentas\/","title":{"rendered":"\u00a0Seguro Contra Tormentas"},"content":{"rendered":"\n<p>Ciertas tormentas traen un viento fuerte que excede la clasificaci\u00f3n de lo que cubre su p\u00f3liza de seguro de hogar. En estos casos, debe tener una cobertura adicional para protegerse. El seguro contra tormentas de viento puede brindar cobertura por los da\u00f1os causados por eventos de vientos fuertes, como tornados, huracanes y ciclones.<br><br>El seguro contra tormentas de viento puede cubrir tanto los edificios exteriores y la estructura principal de su propiedad como el contenido interior. Es posible que la cobertura contra tormentas de viento no se proporcione autom\u00e1ticamente en una p\u00f3liza de seguro de hogar est\u00e1ndar, pero se puede agregar a trav\u00e9s de una cl\u00e1usula o endoso. <br><br>Algunos, como las personas que viven en zonas propensas a vientos catastr\u00f3ficos, pueden encontrar que necesitan una p\u00f3liza separada para una cobertura adecuada contra tormentas de viento. A menudo, esta cobertura tambi\u00e9n pagar\u00e1 los da\u00f1os asociados con el granizo.<br><br>En general, si vive en un \u00e1rea que es susceptible a tormentas de viento fuerte y su p\u00f3liza de seguro de hogar no cubre autom\u00e1ticamente los da\u00f1os que podr\u00edan causar, querr\u00e1 agregar esta protecci\u00f3n. Recuerde que, si ocurre una inundaci\u00f3n como resultado de la tormenta, la cobertura de tormentas de viento generalmente no cubrir\u00e1 los da\u00f1os. En su lugar, deber\u00e1 consultar su p\u00f3liza de seguro contra inundaciones.<br><br>La cobertura contra tormentas de viento a\u00f1adida como anexo a su p\u00f3liza de seguro de hogar generalmente tendr\u00e1 un deducible separado del resto de los peligros cubiertos por la p\u00f3liza (para \u00e1reas propensas a huracanes, esto puede denominarse deducible por hurac\u00e1n).<br><br> Esta cantidad generalmente se representa como un porcentaje del l\u00edmite total de la p\u00f3liza. Para determinar qu\u00e9 deducible se aplica a un evento individual, su aseguradora puede basarse en la clasificaci\u00f3n del Servicio Meteorol\u00f3gico Nacional de la tormenta reciente que caus\u00f3 el da\u00f1o a su propiedad.<br><br>Puede contemplarse como un seguro a favor del hogar debido a que puede cubrir los da\u00f1os causados por una tormenta que trae viento, granizo o rayos, pero considerando las circunstancias y la \u00e9poca del da\u00f1o. Este tipo de seguro generalmente suele ser una excelente manera de resguardo del capital para todos aquellos habitantes de la Florida, es ser esta una localidad constantemente acechada por los fen\u00f3menos y cambios clim\u00e1ticos. Es imposible medir con exactitud el impacto que un altercado de origen natural puede significar en nosotros, pero siempre podemos estar preparados para las eventualidades relacionadas.<br><\/p>\n\n\n\n<p>Cont\u00e1ctenos para obtener m\u00e1s informaci\u00f3n.<\/p>\n","protected":false},"excerpt":{"rendered":"<p>Ciertas tormentas traen un viento fuerte que excede la clasificaci\u00f3n de lo que cubre su p\u00f3liza de seguro de hogar. En estos casos, debe tener una cobertura adicional para protegerse. El seguro contra tormentas de viento puede brindar cobertura por los da\u00f1os causados por eventos de vientos fuertes, como tornados, huracanes y ciclones. El seguro &hellip; <a href=\"https:\/\/www.firstimageusa.com\/demos\/2023\/enterate-seguros\/seguro-contra-tormentas\/\" class=\"more-link\">Seguir leyendo <span class=\"screen-reader-text\">\u00a0Seguro Contra Tormentas<\/span> <span class=\"meta-nav\">&rarr;<\/span><\/a><\/p>\n","protected":false},"author":1,"featured_media":24,"parent":0,"menu_order":0,"comment_status":"closed","ping_status":"closed","template":"page-templates\/product.php","meta":{"footnotes":""},"class_list":["post-63","page","type-page","status-publish","has-post-thumbnail","hentry"],"aioseo_notices":[],"_links":{"self":[{"href":"https:\/\/www.firstimageusa.com\/demos\/2023\/enterate-seguros\/wp-json\/wp\/v2\/pages\/63","targetHints":{"allow":["GET"]}}],"collection":[{"href":"https:\/\/www.firstimageusa.com\/demos\/2023\/enterate-seguros\/wp-json\/wp\/v2\/pages"}],"about":[{"href":"https:\/\/www.firstimageusa.com\/demos\/2023\/enterate-seguros\/wp-json\/wp\/v2\/types\/page"}],"author":[{"embeddable":true,"href":"https:\/\/www.firstimageusa.com\/demos\/2023\/enterate-seguros\/wp-json\/wp\/v2\/users\/1"}],"replies":[{"embeddable":true,"href":"https:\/\/www.firstimageusa.com\/demos\/2023\/enterate-seguros\/wp-json\/wp\/v2\/comments?post=63"}],"version-history":[{"count":3,"href":"https:\/\/www.firstimageusa.com\/demos\/2023\/enterate-seguros\/wp-json\/wp\/v2\/pages\/63\/revisions"}],"predecessor-version":[{"id":67,"href":"https:\/\/www.firstimageusa.com\/demos\/2023\/enterate-seguros\/wp-json\/wp\/v2\/pages\/63\/revisions\/67"}],"wp:featuredmedia":[{"embeddable":true,"href":"https:\/\/www.firstimageusa.com\/demos\/2023\/enterate-seguros\/wp-json\/wp\/v2\/media\/24"}],"wp:attachment":[{"href":"https:\/\/www.firstimageusa.com\/demos\/2023\/enterate-seguros\/wp-json\/wp\/v2\/media?parent=63"}],"curies":[{"name":"wp","href":"https:\/\/api.w.org\/{rel}","templated":true}]}}